ctor of 12 and a.
6
Suppose 2138 = 3*n + 2*n + 2*f, 2141 = 5*n - f. What is the greatest common divisor of n and 8?
4
Let v(d) = 12*d. Let q be v(2). Let l = q - 19. What is the highest common divisor of l and 1?
1
Suppose j + 8 = -j. Let l be ((-1)/(-4))/(j/(-16)). Suppose 2*w - c = l + 1, 0 = -2*w + 4*c + 2. What is the highest common divisor of 1 and w?
1
Suppose 2 = k + 3*z - 4, k + 2*z - 2 = 0. Let x be 536/6 - 4/k. Suppose 4*h - x = -h. What is the highest common factor of 36 and h?
18
Let u = 131 - 109. Let z = -14 - -25. Calculate the highest common factor of z and u.
11
Let q be (-15)/135 + 148/36. Calculate the highest common divisor of q and 100.
4
Let n = 867 + -856. What is the greatest common divisor of n and 891?
11
Suppose 16*j = 22*j - 18. Let h be j*-1 - (-969)/17. Calculate the greatest common factor of h and 72.
18
Suppose -7 = -5*z + 3. Suppose -s - z*s + 6 = 0. Suppose 4*i - 4 = 0, -4*q + 2 = -i - 5. Calculate the highest common factor of q and s.
2
Suppose 12240 = 94*p - 26*p. Calculate the highest common divisor of 810 and p.
90
Let l be 141/45 - 10/75. Let m be ((-1)/l)/(6/(-36)). Let v be -4*((-9)/m + 1). Calculate the greatest common divisor of v and 14.
14
Suppose s - 5 = 2*u - 1, -s + 4 = 4*u. Suppose -s*d - 4*r + 196 = 0, 5*r + 187 = d + 2*d. Calculate the highest common divisor of d and 12.
6
Let a(k) = -k**3 - 21*k**2 - 19*k + 41. Let j be a(-20). What is the greatest common factor of 357 and j?
21
Let n(l) = 2*l + 21. Let v be n(-10). Let h be -3 - ((-520)/5 - v). What is the highest common divisor of h and 34?
34
Suppose -2*z - 3*x - 275 = -4*z, 296 = 2*z + 4*x. Suppose -5*k - 5*p + z = -73, 0 = -2*k + 4*p + 62. Calculate the greatest common factor of 117 and k.
39
Let j = 212 + -178. Calculate the highest common divisor of 2 and j.
2
Suppose 72*f - 68*f = -24. Let x be (2/f)/(1/(-57)). What is the greatest common factor of x and 19?
19
Suppose -5*g - 128 = -438. Calculate the greatest common factor of g and 62.
62
Let j(r) = 11*r. Let k be j(4). Let d = -27 + 31. Suppose -16 = -4*h + 3*v, 5*v - 20 + d = -4*h. What is the greatest common divisor of k and h?
4
Let k = 646 + -612. What is the greatest common divisor of k and 8?
2
Suppose 25*v - 14*v = 77. Calculate the greatest common divisor of 301 and v.
7
Suppose -7*g + 978 - 880 = 0. What is the greatest common factor of 602 and g?
14
Let r(q) be the third derivative of 1/24*q**4 + 0 + 0*q + 4/15*q**5 + 1/6*q**3 + 4*q**2. Let h be r(-1). What is the highest common divisor of h and 2?
2
Let d be (-51)/(-9) + 24/(-36). Calculate the greatest common divisor of d and 25.
5
Suppose 8*k = -5*t + 5*k + 198, -t + 4*k = -58. Let w be 5*21 - t/(-14). Calculate the greatest common factor of w and 54.
54
Suppose 7*a - 77 = 49. Let i be 9/3 - (5 - a). Calculate the greatest common divisor of i and 24.
8
Suppose 4*h = -7 + 79. Suppose 14 = q - h. Calculate the highest common divisor of 48 and q.
16
Suppose -4*n - x + 1813 = 0, -5*n - 2*x + 1264 + 1003 = 0. What is the highest common factor of 1963 and n?
151
Suppose 18 - 117 = -w. What is the greatest common divisor of w and 9?
9
Let i be (-11)/((-550)/(-20)) - (-67)/5. Suppose -4*w - w = 3*x - 263, -161 = -3*w - 5*x. What is the greatest common factor of i and w?
13
Let i(c) = 2 + c**2 - 10 + 9*c + 0*c**2 + 0*c**2. Let b be i(-8). Let w be (b/6)/((-4)/6). What is the highest common factor of w and 20?
4
Let c(p) = 2*p**3 + 3*p**2 - 3*p - 2. Let y be c(3). Let w = -59 + y. What is the greatest common divisor of 1 and w?
1
Suppose -8*l = 17*l - 5750. What is the greatest common divisor of l and 80?
10
Let k = 129 + -85. Suppose -45*t + 48 = -33*t. Calculate the greatest common divisor of t and k.
4
Let h = -25 + 41. Suppose 9*m + 35 = h*m. Calculate the greatest common factor of m and 40.
5
Let o = 203 + -95. Calculate the highest common divisor of 36 and o.
36
Suppose q + o - 7 + 4 = 0, -4*q + 2*o = -18. Let n = q - 13. Let u be (0 - 3 - n) + 2. Calculate the greatest common factor of u and 32.
8
Let t be (-2)/((-1275)/1265 + 1) - (-5 - -6). Let z(n) = 5*n + 3. Let q be z(5). Calculate the highest common factor of q and t.
28
Let m = -36 - -11. Let k = m + 35. Suppose -2*z - 7 = -17. What is the greatest common factor of k and z?
5
Let i be 1450/(-40)*-4 - 4. Calculate the greatest common divisor of 235 and i.
47
Let k = 46 + -20. Suppose -k = 4*o - 6*o. What is the greatest common divisor of o and 78?
13
Suppose 4*h - 6*h = 0. Suppose -3*y + 957 = -h*y. Let w = y - 214. What is the greatest common factor of w and 42?
21
Suppose -o + 31 = 1. Calculate the highest common factor of o and 78.
6
Suppose -78 = -4*i + 290. Calculate the greatest common divisor of 8 and i.
4
Let j = 11 + -9. Let v be 3 - (-5 + 3 + j). Suppose 8*r - 2*s = v*r + 74, 5*s + 80 = 5*r. Calculate the highest common factor of 126 and r.
14
Suppose -7*m + 10296 = 5*m. Calculate the greatest common factor of 312 and m.
78
Suppose 17*j = 11*j + 960. Suppose -j = -l - 65. Let w = -7 + 45. Calculate the highest common divisor of l and w.
19
Let q(u) = -u**2 + 9*u + 44. Let f be q(10). Calculate the greatest common divisor of f and 119.
17
Let d(x) = x**2 - 14*x + 10. Let k be d(10). Let q = 62 + k. Calculate the highest common factor of q and 8.
8
Let y(c) = 13*c + 4. Let k be y(4). Suppose 4*w + k = 2*j, 4*j + w + 4*w - 73 = 0. Let z = 97 - 42. What is the highest common factor of z and j?
11
Let g = 623 - 415. What is the highest common divisor of 52 and g?
52
Let t = -239 - -151. Let f be 50/4*t/(-55). Calculate the greatest common divisor of f and 180.
20
Suppose 0 = 2*n - 3*j - 32 + 93, -5*n - 4*j = 95. Let a = -2 - n. Suppose -5*w + w = -56. What is the highest common divisor of w and a?
7
Suppose 0*o + 68 = 4*o. Suppose 2*g = -o + 147. Let p be (-1 + g)*(-20)/(-16). What is the highest common factor of 10 and p?
10
Suppose 210 = -0*w + 6*w. Suppose 5*m - 27 - 18 = 0. Suppose m*b = 4*b + 25. What is the highest common factor of b and w?
5
Suppose 0 = 20*d - 27*d + 455. Let s = -29 + 55. Calculate the greatest common divisor of s and d.
13
Let m = 43 + -15. Let v(a) = 10*a**2 + 27*a - 2. Let b be v(-6). What is the greatest common factor of m and b?
28
Let a be (-3)/((-2)/38*1). What is the greatest common factor of a and 969?
57
Suppose 14*l - 347 - 73 = 0. Let y(b) = 4*b. Let n be y(3). What is the greatest common divisor of l and n?
6
Suppose -k - 1 = -5, k + 1184 = 2*i. Calculate the greatest common divisor of i and 66.
66
Let a(n) = -6*n**3 + n**2 + 2*n. Let m be a(-1). Suppose 5*k = -m*x + 20, k + 2*k + 4*x = 9. What is the highest common divisor of 7 and k?
7
Suppose -1 = 21*i - 20*i. Let j(k) = -8*k - 7. Let c be j(i). What is the highest common factor of c and 9?
1
Let j be (-2)/(-4)*36/2. Suppose 0 = -3*m + 5*s + 60, 3*m + 5*s - 69 = -9. Let x be 12/m*(10 + 5). What is the highest common divisor of x and j?
9
Let r = -82 - -77. Let c(f) = 2*f + 1. Let a(i) = -i - 1. Let t(y) = -3*a(y) - 2*c(y). Let k be t(r). What is the highest common divisor of 24 and k?
6
Let i be (-1 + 602/(-10))*(-30)/9. Suppose -i*z - 85 = -209*z. What is the highest common divisor of 136 and z?
17
Let l(g) = -g + 1. Let t be l(4). Suppose -5*m - 2*j + 869 = -458, -3*j = 2*m - 522. Let x be m + -2 + (2 - t). What is the greatest common divisor of 30 and x?
30
Let u be (-280)/6*6/(-5). Suppose -2*c - 3*z + 28 = 0, -4*c + 2*z + 1 = -23. What is the greatest common factor of u and c?
8
Suppose 3*s - 74 = -2*u, 3*u = -s + 6*s + 130. Let v(i) = -i. Let p be v(-4). Suppose -49 - 15 = -p*y. Calculate the highest common divisor of u and y.
8
Let h(f) = f**3 - 8*f**2 + 12*f + 8. Let a be h(10). Calculate the highest common divisor of a and 82.
82
Let z = 67 - 65. Suppose 39 = -z*q - 5*u + 232, -4*q + 5*u = -401. What is the greatest common factor of q and 9?
9
Suppose 4129 = 27*b - 6320. What is the highest common factor of 43 and b?
43
Let b = 360 + -162. What is the greatest common divisor of b and 72?
18
Suppose 0*u = -3*y - 4*u + 16, 3*u - 12 = -y. Let d be y/(-1) - -45 - -1. Calculate the greatest common divisor of d and 23.
23
Suppose -2*h = -5*y + 43, 4*y - 4*h - 51 = -19. Let v be y*4*(-3)/(-6). What is the greatest common factor of 2 and v?
2
Suppose -102 = -5*b + 4